i and x?
10
Let m be (3/(-2))/((-3)/(-4)). Let k(r) = 26*r**2 + 4*r + 4. Let a be k(m). Calculate the highest common factor of 25 and a.
25
Let z = -161 + 208. Let j be (-1)/(-1 + 2)*-5. Suppose -p - j = -2*p, -x + z = 4*p. Calculate the greatest common factor of x and 18.
9
Let z(a) = a**3 - 5*a**2 - 3*a - 1. Suppose -x = -73 + 66. Let g be z(x). Calculate the highest common factor of g and 190.
38
Let m(d) = -d**3 - 8*d**2 + 7*d - 13. Let q be m(-9). Let n = 57 + -12. What is the highest common divisor of n and q?
5
Let h be ((45 + -21)/24)/((-1)/(-207)). Calculate the highest common divisor of h and 1380.
69
Let f be -20*((-96)/(-10))/(-3). Let v(p) = -57*p + 162. Let y be v(2). What is the greatest common factor of f and y?
16
Let j = 1030 - 985. What is the highest common factor of j and 660?
15
Let w be (-5 - (-1 + -4)) + 440. What is the highest common factor of 264 and w?
88
Let n = 35 - 48. Let a = n + 26. Let f = 126 - 9. What is the greatest common factor of a and f?
13
Suppose 2*p + 66 = 4*m - 0*m, 0 = -5*m - 3*p + 66. Calculate the highest common factor of 9 and m.
3
Let c(h) = h**2 + 15*h - 20. Let z be c(-15). Let t = -33 - z. Let n(j) = j**2 + 12*j + 6. Let g be n(t). Calculate the greatest common factor of g and 209.
19
Let x be ((-150)/9)/((-56)/12 - -4). Calculate the highest common divisor of 350 and x.
25
Let m be (1 - (-72)/(-7 - -15))/(10/12). Let s(l) = 4*l - 4. Let j be s(4). What is the greatest common divisor of j and m?
12
Let z(b) = 10*b**2 + 4*b - 2. Suppose 0 = -3*r + 15 - 0, -4*t = -4*r + 8. Let v be z(t). What is the greatest common factor of v and 20?
20
Let n(j) = -5*j + 21. Let o be n(-23). What is the highest common factor of 17 and o?
17
Let w = 77 + -70. What is the highest common divisor of 14 and w?
7
Let d = 49 - -6. Suppose 3*z = 2*z - 2. Let x be 21 - (2 + z + -1). Calculate the highest common divisor of d and x.
11
Let l = 9 - 9. Let r(v) = 17*v - 189. Let m(d) = 4*d - 47. Let c(h) = -9*m(h) + 2*r(h). Let g be c(l). Calculate the highest common factor of g and 5.
5
Suppose 7*t = 5*t + 120. Suppose -2*s + t = 2*s. Calculate the highest common factor of 5 and s.
5
Let z = -2 - -20. Let r(s) = 4*s**2 + 38*s - 21. Let g be r(-11). Calculate the greatest common divisor of g and z.
9
Let g = -326 + 420. Calculate the highest common factor of g and 1034.
94
Let q(b) = -48*b - 152. Let m be q(-9). Let x be 16/56 - (-390)/7. Calculate the greatest common factor of x and m.
56
Let g = 56 - 33. Suppose 0 = -4*k + 31 - g. What is the greatest common factor of 5 and k?
1
Suppose 10*y + 270 - 1590 = 0. What is the greatest common divisor of y and 33?
33
Let m be 5 - ((-21)/(-3) + -9). What is the greatest common factor of m and 28?
7
Suppose -2*k + 5 = -5*a, -5*a + 28 = 5*k - 2*a. Suppose -7*h - 3*r + 33 = -k*h, 4*r - 4 = 0. What is the highest common divisor of 15 and h?
15
Let q(r) = -r**2 - 7*r + 4. Let w be q(-7). Suppose w*t = 2*j + 70, 0 = 2*t + 3*j + 2 - 25. Calculate the highest common factor of t and 64.
16
Let s = 169 + -79. Suppose -4*x + a + 3*a = -4, 5*x - 14 = -4*a. Suppose b + x = 38. Calculate the highest common factor of s and b.
18
Suppose 2*r = 5*r + d - 138, 3*r - 132 = -3*d. Let k = r + -34. Suppose 9*c - 8*c = 26. What is the greatest common factor of k and c?
13
Let p be 27842/26 + (-180)/(-1170). What is the greatest common factor of p and 21?
21
Let u = 165 + 121. What is the greatest common divisor of u and 55?
11
Suppose 0 = -23*w + 36*w - 8541. Calculate the greatest common factor of 73 and w.
73
Suppose -31*w + 731 = -14*w. What is the greatest common divisor of 817 and w?
43
Let v be (9 - 8)*86/2. Suppose 5*x - v = -3. What is the highest common factor of x and 64?
8
Let b = 2455 - 1345. Suppose 0 = 7*v - v - b. Calculate the highest common divisor of v and 74.
37
Suppose -2*y = -4, 0 = -0*h - 2*h - y + 34. Let r be (-12)/(-3 + 42/h). Calculate the highest common factor of 224 and r.
32
Let c(o) = -o**3 + 13*o**2 - 10*o + 5. Let f be (-20)/3*18/(-10). Let n be c(f). What is the greatest common divisor of n and 319?
29
Suppose -4*s - 370 = -5*c, 2*c - 145 = -40*s + 41*s. Calculate the greatest common factor of 560 and c.
70
Suppose -3*g + 17 = 2. Suppose 0 = 2*q - g*q. Let t be q + -1 + 3 + 350. Calculate the highest common factor of 32 and t.
32
Let s be 130/18 + (-6)/27. Let d = 4 + s. Let q = d + 0. What is the greatest common factor of 88 and q?
11
Let u(o) = -3*o**2 - o + 1. Let j be u(-3). Let r = -4 - j. Let l = -57 - -152. What is the greatest common divisor of l and r?
19
Let w = -25 - -29. Suppose 64 = -2*k + w*k. Calculate the greatest common factor of 32 and k.
32
Let g = 142 - -38. Calculate the highest common divisor of 72 and g.
36
Suppose -2*f = 2*r - 4, 3*r - 4*f + 1 = 7. Suppose r*s = -g + 46, s - 2 = -7. Calculate the highest common factor of 14 and g.
14
Let a = 15 + -29. Let p be -1*((-760)/35 + 4/a). What is the highest common factor of p and 110?
22
Let q = 417 - 395. What is the greatest common factor of 374 and q?
22
Suppose 198 = -14*i + 3474. Calculate the greatest common factor of i and 18.
18
Suppose -5*v = -3*t - 127, -7*t + 11*t + 16 = 0. What is the greatest common factor of 437 and v?
23
Let w be (-1)/(-4) + (-2)/((-8)/19). Suppose -3*s + w*a = 2*s - 875, -a = -1. What is the highest common divisor of s and 16?
16
Let u = -71 + 175. Let m = 129 - u. Calculate the greatest common divisor of 75 and m.
25
Let s = -2046 + 2406. What is the greatest common factor of 90 and s?
90
Suppose 0 = n - 3 - 10. Let a = -101 - -104. Suppose 604 = a*x + 175. Calculate the greatest common factor of x and n.
13
Let q(w) = w**2 + 13. Let c be q(0). Let d(n) = 3 + 94*n**2 + 3*n + 5*n - 4*n + 2*n. Let p be d(-1). Calculate the greatest common factor of c and p.
13
Suppose 22*f = 19*f + 9. Suppose -4*h = -5*x - 4, -24 = h - 3*h - f*x. Suppose 4*l + 25 = 193. Calculate the greatest common factor of h and l.
6
Let i(k) = -3*k**3 - 9*k**2 - 19*k - 100. Let u be i(-5). What is the highest common factor of u and 29?
29
Let j be 4/(-18) + (-29)/(-9). Suppose -j*n = -2*w + 354, 4 = 3*n - 2. Let m = -84 + w. What is the highest common divisor of m and 24?
24
Let z be 20/7*7/2. What is the highest common divisor of 50 and z?
10
Suppose -5*l + 16 = -19. Let z(d) = -22772*d**2 + 2 + 22774*d**2 - d - 12*d. Let v be z(l). What is the greatest common factor of 99 and v?
9
Suppose 0 = 42*b - 27*b - 21660. What is the greatest common divisor of 76 and b?
76
Let l be ((-72)/14)/((-14)/49). What is the highest common divisor of 96 and l?
6
Let l = 45 + 9. What is the highest common factor of l and 6?
6
Let h = 92 - 70. Let b = -336 - -617. Suppose b = 4*u - 511. Calculate the highest common factor of u and h.
22
Suppose -2*n = -2 - 22. Suppose 296 = -3*f - f. Let t be 4/(-8) - f/4. What is the greatest common factor of t and n?
6
Suppose -4*x + 63 = -21. Suppose 14 = 5*y - x. What is the highest common divisor of 49 and y?
7
Let b be 501/9 - (-40)/(-24). Calculate the greatest common factor of 3 and b.
3
Let m be (-10)/(-3)*(-24)/(-16). Suppose q - m*j = -3 + 15, 4*j = 4. Calculate the highest common divisor of q and 51.
17
Let y(v) be the first derivative of v**2/2 - 19*v + 4. Let o be y(10). Let p be 2*(o/(-6) + -1). What is the greatest common factor of 8 and p?
1
Suppose 2 = -6*m + 128. Suppose -106 - 124 = 5*z. Let o be (-4)/2 - z/2. What is the greatest common divisor of o and m?
21
Suppose 1158 = 5*j + 3*m, -m + 197 + 33 = j. What is the greatest common factor of j and 52?
26
Let r be 1 + (-3 + 5 - -25). Suppose 2 = -c - 5*a + r, -12 = -3*a. Suppose 4*z - 8 = 0, -5*z + 46 = 4*o - o. What is the highest common divisor of c and o?
6
Let f(h) = -11*h - 33. Let r be f(-16). Calculate the highest common factor of r and 77.
11
Let s = 223 + -98. Calculate the highest common divisor of s and 50.
25
Suppose 5 - 83 = 2*y. Let v be 13/y - 34/(-3). Let q(b) = b**2 - b - 14. Let d be q(v). Calculate the highest common factor of d and 12.
12
Let n be (-40)/3*(-228)/16. Calculate the highest common factor of 1045 and n.
95
Let p be 40/8*18/5. What is the greatest common divisor of p and 10?
2
Suppose 1476 = 7*b - 288. Calculate the greatest common factor of b and 112.
28
Suppose 8*c + 52 = 6*c